 by t(2)?
16
Suppose 0 = -4*c + k + 28, -8 = -3*c - k + 13. What is the remainder when 25 is divided by c?
4
Suppose -13*y - 756 = -20*y. What is the remainder when y is divided by 23?
16
Let k(o) = o - 2. Let u be k(5). Suppose -3*s + 32 = s - 2*h, s - 3*h = 18. What is the remainder when ((-30)/(-4))/(u/4) is divided by s?
4
Let k = -8 - -20. Let x(s) = 6*s + 2. Calculate the remainder when x(3) is divided by (-1 - k/(-1)) + 0.
9
Let u(f) = -f**3 + 8*f**2 - 6*f + 8. Let y(k) = k + 2. Let i be y(-4). What is the remainder when 29 + (1*i - -1) is divided by u(7)?
13
Suppose 2*u - 12 = 4*p, 2*p = -2*u - 2*p + 20. Suppose 4*b + 42 = -v - 2*v, -u = 2*b - 5*v. Calculate the remainder when (-1 + 4)*(-33)/b is divided by 7.
4
Let a be ((-11)/(-3))/((-1)/(-3)). Suppose 3*j = 3*i, -j - 5*i + 19 = -a. Suppose 0*w + 10 = j*w. Calculate the remainder when 5 is divided by w.
1
Let o be (-4)/(-6)*(1 + 5). Suppose 0 = -5*g - 25, -5*g + o*g - 41 = -2*w. Calculate the remainder when w is divided by (-1)/4 - 205/(-20).
8
Suppose 3*j - 14 + 8 = 0. Suppose j*a - 9 - 9 = 0. What is the remainder when 24 is divided by a?
6
Let x = -69 - -104. Calculate the remainder when 135 is divided by x.
30
Let t(l) = l**2 - 6*l + 7. Calculate the remainder when 11 is divided by t(6).
4
What is the remainder when 16 is divided by (-2)/11 - 68/(-11)?
4
Suppose -4 = -3*c + 5. Let w be 1 + -4 + 4 + -5. Let n = 12 + w. What is the remainder when n is divided by c?
2
Let b be ((-330)/9)/((-8)/12). Suppose 5*w - b = 150. Calculate the remainder when w is divided by 21.
20
What is the remainder when 6 is divided by -2*((-2)/(-4))/(-1) + 1?
0
Suppose w = -2*o + 8, -5*w + o + 0*o = -29. Suppose -3*z - w = -0*z. Let p = z + 34. What is the remainder when p is divided by 11?
10
Let b(d) = -d**2 - 9*d + 26. Calculate the remainder when 10/8*(13 - 1) is divided by b(-11).
3
What is the remainder when (185*-1)/5*-1 is divided by 14?
9
Let o = -90 - -166. Suppose 2*b - 11 + 3 = 0, b = -3*q + o. Let g = q - 12. What is the remainder when g is divided by 7?
5
Let h(d) = -11*d - 3. Let a be ((-3)/(-2 + 1))/(-1). Let l be h(a). Calculate the remainder when l/(-2 + -1)*-1 is divided by 4.
2
Let i = 24 - 12. Calculate the remainder when 21 is divided by i.
9
Let x = 13 + -3. Suppose 2*f - 80 = -4*w - 2*f, -3*w + 58 = 2*f. What is the remainder when w is divided by x?
8
Let j = -25 + 35. Let x(z) = z**2 + 3*z + 3. Calculate the remainder when x(3) is divided by 0 + 0 + 1 + j.
10
Let j = 31 + -24. What is the remainder when j is divided by (2*(-2)/(-1))/1?
3
Let f = 3 + 0. What is the remainder when 63 is divided by (-13 - f)/(-4) - -12?
15
Let o(l) = 30*l**3 - 1. Let f = 15 + -7. Calculate the remainder when o(1) is divided by f.
5
Let k(t) = t. Let o be k(10). Suppose 4*r = -4*v + r - 12, -5*v - 3*r = 12. Let u = v + o. Calculate the remainder when u is divided by 6.
4
Suppose 2*b - 12 = 64. Suppose -4*d - b = -186. What is the remainder when d is divided by 13?
11
Suppose -2*z + 348 = z. What is the remainder when z is divided by 39?
38
Suppose -7*h - 5*r = -3*h - 241, 3*h - 173 = 4*r. What is the remainder when h is divided by 12?
11
Let p = 11 - 6. Suppose -84 = u - p*u. Calculate the remainder when 61 is divided by u.
19
Suppose -2*m = -44 + 2. Suppose 1 = -4*t + m. Suppose 120 = t*j - 5*v, 3*j + 2*v - 3*v = 62. What is the remainder when 36 is divided by j?
17
Suppose 20 = 5*x, 0 = -q - 0*q + 4*x - 13. Suppose -q*t = -15 + 3. What is the remainder when 10 is divided by t?
2
Suppose 0 = -5*o + 4*o - 9. Let u = 14 + o. What is the remainder when u is divided by 1?
0
Let d be (-36)/30*(-9 + -1). Suppose 0*c = -2*c - d. Calculate the remainder when 45/12*(-16)/c is divided by 4.
2
Suppose -2*t + 24 = -0*t - 4*y, 2*y = 4*t - 30. Calculate the remainder when 23 is divided by t.
5
What is the remainder when (-4)/6*18/(-4)*11 is divided by 7?
5
Let w = 23 - 8. Calculate the remainder when 58 is divided by w.
13
What is the remainder when (6 + -5)/(0 + 1) is divided by 1?
0
Let x(f) = -f**2 - f + 1. Let y be x(0). Suppose 0 = g - y - 1. Calculate the remainder when 3 is divided by g.
1
Suppose 90 = -5*c + 10*c. Calculate the remainder when 48 is divided by c.
12
Suppose -m + l = -27, 2*l + 55 = 2*m + l. Suppose -t - m = -2*t. What is the remainder when t is divided by 15?
13
Let j(p) = -p**3 + 2*p**2 + 2*p - 3. Let a be j(3). What is the remainder when 38 is divided by -2*(2 - (-51)/a)?
12
Let x(g) = -g**2 + 29*g - 110. What is the remainder when (0 - 12)*6/(-4) is divided by x(24)?
8
Suppose m + 3*i + 0*i = 35, 2*i = 5*m - 243. What is the remainder when m is divided by 16?
15
Suppose 4 = t, g + t + 8 = 19. What is the remainder when 59 is divided by g?
3
Let r = 0 - -4. Suppose -s - 1 = p, s = 2*s + 3*p + 3. Suppose -c + 0*c + 10 = s. Calculate the remainder when c is divided by r.
2
Suppose 3*z = j + 6, j + 5*z = -j + 43. Let a = j - 1. What is the remainder when 22 is divided by a?
6
Let x(m) = -m**2 + 8*m - 6. Suppose 0 = 10*b - 15*b + 115. What is the remainder when b is divided by x(6)?
5
Suppose n = -3*n + 40. Let g be -3*(-2)/12*8. Suppose -d + 6*d = -2*l + n, -38 = -g*l - d. Calculate the remainder when l is divided by 6.
4
Suppose j = -0*r - r + 1, 0 = -5*r - 4*j + 9. Let f(s) = 7*s + 3. Calculate the remainder when f(r) is divided by 13.
12
Let v(b) = 2*b - 2. Let a be v(-8). Let x = 8 - a. Suppose -2*k = -2*y - 10, -2*k - 3*y = -x - 9. Calculate the remainder when 17 is divided by k.
7
Let t be -1*(5/(-1) + -1). Let a(m) = m - 2. Calculate the remainder when 11 is divided by a(t).
3
Let q(s) = 4*s**2 - 2*s + 2. Calculate the remainder when q(2) is divided by (-1)/((-1)/(-5)*-1).
4
Suppose -5*g = -20, p + 10 = 3*p + g. Suppose 0*s = -p*s + 99. Calculate the remainder when s is divided by (0 + 2)*9/2.
6
Let o(c) = 4*c - 5 + 2 + 2. What is the remainder when 8 is divided by o(1)?
2
Let l = -133 + 309. Let v = -121 + l. What is the remainder when v is divided by 14?
13
Suppose -3*a + 7*u = 3*u - 100, 124 = 4*a - 3*u. Let d = 65 - a. What is the remainder when d is divided by (-8)/(-6)*((-63)/(-6) + -3)?
7
Suppose r - 5*r = -68. What is the remainder when r is divided by 10?
7
Let l be 21/(-6)*8/(-2). Suppose 2*n - 60 = -3*n - 5*c, -2*n = 4*c - l. Calculate the remainder when n is divided by 6.
5
Suppose 5*z - 8 = z. Suppose -4*j + z*w = -30, 0 = 3*j + 2*j - 3*w - 36. What is the remainder when 26 is divided by j?
8
Suppose b - 3*b + 34 = 0. Suppose 5*f - b = -2*c, 0 = 3*c + 2*f - 5*f - 15. What is the remainder when (-48)/10*20/(-6) is divided by c?
4
Suppose -5*r + 3*r + 2 = 0. Let n(b) = 7*b + 2. Calculate the remainder when (-5)/2*-6 - -1 is divided by n(r).
7
Let s(g) = g**3 + 7*g**2 + 4*g - 1. Let j be 4/((-14)/(-12) - 1). Calculate the remainder when j/(6/8 + 0) is divided by s(-6).
10
Let w = 2 - 2. Suppose w = 4*g + 4*c - 96, -g + 5 + 16 = 2*c. Calculate the remainder when g is divided by 10.
7
Let h = -380 - -423. Let u(o) = -o - 2. Let q be u(-3). Let z(f) = 15*f. What is the remainder when h is divided by z(q)?
13
Suppose 20 + 24 = 4*q. Let k be 44/(-7) + 2/7. What is the remainder when 14*-2*k/8 is divided by q?
10
Suppose 21 - 61 = -c. Let r be (-4)/(8/(-18))*1. Suppose r + 5 = p. What is the remainder when c is divided by p?
12
Let c = -78 + 137. What is the remainder when c is divided by 31?
28
Let h be 4/(-12) + 85/3. Suppose 2*d - h = -2*d. Suppose s = -4*j + 8, 3*s - j - 41 = 4*j. Calculate the remainder when s is divided by d.
5
Let l = 13 - 18. Let q(h) = h**2 + 5*h - 2. Let v be q(l). What is the remainder when 49 is divided by -2*(v - 26/4)?
15
Let w(i) = i**3 - 10*i**2 - 12*i + 1. Let k be w(11). Let m(q) = 5*q**2 - 2*q. What is the remainder when m(2) is divided by (-4)/k - (-43)/5?
7
Suppose -l - 11 = 3*r, -3 = l + 3*r - 2*r. Suppose j - 5 = -l. What is the remainder when 10 is divided by j?
2
Suppose -40 = -3*j + k, 3*k - 62 = -0*j - 4*j. Suppose 0*b + 10 = 5*b. Suppose -b*n + 90 - 10 = 0. Calculate the remainder when n is divided by j.
12
Suppose 4*x - 3*p - 397 = 0, -4*p = 3*x - 359 + 30. Suppose 5*d - x = -3*j, 0*d - 2*d = -j + 16. What is the remainder when 51 is divided by j?
25
Suppose -2*c - 6*o + 2*o = -224, -4*c + 388 = -4*o. Calculate the remainder whe